ose -12 = -4*z - o - o, 2*z + 6 = 5*o. Suppose 0 = -2*b + 5*a + 2 - 13, -3*b = -z*a. What is the units digit of b?
2
Suppose 0*c - 21 = 3*c. Let x = c - -3. What is the tens digit of (-4 + x)*(-1 - 1)?
1
Let p(d) = -19*d. What is the tens digit of p(-3)?
5
Suppose -3*i - i + 216 = 0. Suppose 4*u + u - 108 = -4*g, -3*u = 2*g - i. What is the tens digit of g?
2
Suppose 8 + 0 = -z. Let t(w) = 7*w**2 + 18*w + 20. Let a(k) = 10*k**2 + 27*k + 30. Let x(o) = 5*a(o) - 7*t(o). What is the units digit of x(z)?
2
Let c be (-46 - -4)/(-2 - -1). Suppose z = p - 14, 0*p - z = 3*p - c. What is the units digit of p?
4
Let q(j) = j**3 - 10*j**2 + 9*j + 5. What is the units digit of q(9)?
5
Suppose -k - 3 = -2*f - 2*f, -4*f = -3*k + 31. Let o = 10 - k. Let t = o - -17. What is the tens digit of t?
1
Let s be 1/(((-12)/(-9))/4). Suppose -s*r + 1 = -4*o + 3, -2*o = 2*r - 8. Suppose -r*x + 18 = x. What is the units digit of x?
6
Let h(x) = x**2 + 3*x - 2. Let n be h(-4). Let u = 21 + -20. Suppose n*d = d + u. What is the units digit of d?
1
Let h be (-1)/2 - (-27)/(-2). Let n be 4/h + 120/28. Suppose -z = -5*z + n. What is the units digit of z?
1
What is the tens digit of (-12)/(-9)*(-33)/(-2)?
2
Suppose 7*k + 183 - 736 = 0. What is the units digit of k?
9
Let u(j) = j**2 - 1. Let r be u(2). Suppose r*p = 1 + 2. What is the units digit of p/(-5) - 31/(-5)?
6
Suppose 4*p = -5*y - 10, y - 3*y + 2*p - 4 = 0. Let w = y - -29. What is the units digit of w?
7
Let o(g) = -g**3 - 2*g**2 + 6*g + 1. Let c be o(-4). Let b(r) = r. Let w(d) = 9*d - 12. Let u(m) = -6*b(m) + w(m). What is the units digit of u(c)?
5
Let m(z) = -z**3 - 10*z**2 - 12*z - 10. Suppose 3*x = 2*x - 9. What is the tens digit of m(x)?
1
Let g be (-3)/(-3)*(-3)/(-3). Suppose -o + g = -1. Suppose -o = -2*w + 18. What is the units digit of w?
0
Suppose -2*x - 10 = -7*x. Suppose x*h - 4*g - 11 = h, 6 = -3*g. Suppose -2*d = h*o - 10, d - 5*o = -0*o + 5. What is the units digit of d?
5
Let w(h) = 49*h**2 + 2*h + 3. What is the units digit of w(-1)?
0
Suppose -4*c + 2*b = -856, -b + 788 = 5*c - 275. What is the units digit of c?
3
Let r(x) = x + 10. What is the tens digit of r(3)?
1
Suppose 5*r = 5*s - 1 - 19, -7 = 2*s + r. What is the units digit of ((-24)/(-10))/(s/(-5))?
2
Let s(t) = t**3 - 8*t**2 + 5*t - 5. Let n be s(8). Suppose n = 2*q + 7. What is the units digit of q?
4
Let b(o) = -o**3 + 7*o**2 - 5*o - 2. Let n be b(6). Let f = 2 + n. What is the units digit of f?
6
What is the hundreds digit of -4*((-1140)/16 - -6)?
2
Let h(d) = 3*d**3 + d - 6*d**2 - 2*d**3 + 0 - 2. Suppose -4*k + 3*f = -39, -2*k + f + 2*f + 27 = 0. What is the units digit of h(k)?
4
Let r be (-4)/(-6) - (-28)/21. Suppose r*v - 19 - 11 = -2*z, -v - 30 = -2*z. What is the units digit of z?
5
Suppose -4*c + 3*k = -281 + 41, 4*c = 4*k + 240. What is the tens digit of c?
6
Let y = 51 + -35. What is the units digit of y?
6
Suppose 0 = -k - k + 3*z + 20, -18 = -2*k + 2*z. Suppose 2 = -v + k. Suppose -v*g + 6 = 1. What is the units digit of g?
1
Let i(j) = j**3 - 6*j**2 + 2. Let n be i(6). Suppose 0 = -5*l + 3*k + 20, -3*l = n*l + 3*k + 10. What is the units digit of l?
1
Let o = 199 + -49. What is the tens digit of o?
5
Suppose 4 = 4*o - 2*o. Suppose -48 = -o*g - 16. What is the units digit of g?
6
What is the tens digit of 6*-9*(-5)/3?
9
Let t = 150 - -10. What is the units digit of t?
0
Suppose 3*j + 3*d - 90 = 0, 4*d + 30 = 4*j - 2*j. What is the tens digit of j?
2
Suppose 0 = 6*s - s + 5. Let i = 1 + s. Suppose i = -3*m - 2*m + 15. What is the units digit of m?
3
What is the units digit of -1 + 26 + (4 - 0)?
9
Suppose -4*b = -4*d + 32, 22 = -3*d + 8*d + b. What is the tens digit of d*(-4)/(-10)*7?
1
Suppose 5*g - 2584 = -3*g. What is the tens digit of g?
2
Suppose 4*i - 3*p = 241, 3*i - 264 = -5*p - 47. What is the tens digit of i?
6
Suppose 31 + 19 = 5*n. Let z be ((-27)/4 - -2)*-4. Let c = z - n. What is the units digit of c?
9
Let z = 211 + -89. What is the units digit of z?
2
Let x(b) be the second derivative of b**3/2 - b**2 + 3*b. What is the units digit of x(3)?
7
Let f = 5 - 24. Let u = f - -13. Let c = -5 - u. What is the units digit of c?
1
Let l(u) = u - 1. Let s be l(5). Suppose -s - 8 = -3*n. Suppose -n*b - k + 62 = b, 4*k = 5*b - 77. What is the tens digit of b?
1
What is the tens digit of 1/(5 + (-2367)/474)?
5
Suppose -3*u + 19 = -11. What is the units digit of (12/u)/(2/15)?
9
Suppose 4*k - 3*l = 23, 4*k + 4*l = 32 + 12. Let b(h) = h**3 - 5*h**2 + 3*h + 3. Let p be b(5). What is the units digit of (4/k)/(1/p)?
9
Let l = -504 + 713. What is the hundreds digit of l?
2
Let y = 34 + -8. What is the tens digit of y?
2
Suppose 16 = -3*v + 52. Let j be (-4)/(v/(-27)) - -1. Let t = j - 5. What is the units digit of t?
5
Suppose 3*z - 7*z = -84. What is the tens digit of z?
2
Let o = -115 - -171. Suppose 5*v + o = 2*i - 4*i, 3*i = -v - 19. Let s = v - -19. What is the units digit of s?
9
Let s = -268 - -459. What is the units digit of s?
1
Let s(i) = i**2 - 4. Let y be s(-3). Suppose t + y*g + 23 = 0, -3*t = 3*g + 5 + 4. Suppose -u + t = -0*u. What is the units digit of u?
2
Suppose 0 = -5*d - 3*h + 27, 0 = 5*d - h - 6 - 5. Suppose 4*t + 18 = 2, 0 = -d*j + t + 37. What is the tens digit of j?
1
Let m = 293 + -173. What is the units digit of m?
0
Suppose 0 = -2*m + 13 - 3. Suppose 4*z - m*n - 93 = 0, -71 = -4*z + n + 34. What is the tens digit of z?
2
Let q = -15 - -40. What is the tens digit of q?
2
Let c = -94 + 166. Let i = -38 + c. Suppose s = 4*g - 14, s = -3*s - 2*g + i. What is the units digit of s?
6
Suppose -d + 9 + 12 = 0. What is the units digit of d?
1
Let q(h) = h - 9. Let s be q(9). Let r = s - 4. What is the units digit of (-17)/r - 2/8?
4
Let t be (-57)/12 + (-6)/(-8). Let m be 4/(-1)*(-2)/t. What is the tens digit of 5/((-6)/4 - m)?
1
What is the tens digit of (-8)/(-8) + (-1 + -64)/(-1)?
6
Let b(p) = p**2 + 7*p - 7. Suppose 0 = -4*j + 566 - 166. Let l be (-12)/(-10)*j/(-15). What is the units digit of b(l)?
1
Let m be ((-2)/6)/(2/(-6)). Let g = 2 + m. What is the units digit of (3/(g/2))/1?
2
Let m be 33/((-5)/(-2) + -1). Let v = m + -7. Suppose 4*t - 2 = -o + v, -2*o + 19 = 5*t. What is the units digit of t?
5
Let u(t) = t**2 - 5*t - 6. Suppose r - 24 = -2*p - 7, 25 = 5*r. Let c be u(p). Let f(b) = -b + 9. What is the units digit of f(c)?
9
Suppose -2*u = -6*u + 4*f - 116, -u = -4*f + 20. Let l = -20 - u. Suppose -4*p = -0*p - l. What is the units digit of p?
3
Let j(k) = k**3 + 6*k**2 + 2*k - 3. Suppose 15 = -5*r + 2*r. Let p be j(r). Suppose -4*a = -a - p. What is the units digit of a?
4
Let a(y) = -98*y**3. Let w be a(-1). Suppose w = 4*v + 2*f, -v + f = -6*v + 115. Suppose 2*u - v = -2. What is the tens digit of u?
1
What is the tens digit of ((-201)/6)/((-1)/2)?
6
Suppose y + 0 - 17 = 0. Let o be (-1)/(y/(-16) + 1). Suppose o = -5*s + 56. What is the units digit of s?
8
Suppose -4*h + 2*m + 1288 = 0, 11*h - 7*h - 4*m - 1280 = 0. What is the tens digit of h?
2
Suppose -4*y - 30 = -126. Let k be ((-32)/y)/(4/6). What is the units digit of (12/k)/(0 - 2)?
3
Let x = -34 + 58. What is the units digit of x?
4
Let m(s) = 4*s**3 + 1. Let y = 0 + 1. Let p be m(y). Suppose 0 = -2*b + p + 17. What is the tens digit of b?
1
Suppose -r - 56 = -3*r. Let w = -16 + r. What is the tens digit of w?
1
Suppose 5*c - 3*c - 50 = 0. Let u be 42/(-5) - (-10)/c. What is the units digit of (-95)/(-20) + (-2)/u?
5
Let v = -32 - -100. Suppose v - 8 = 5*s. What is the tens digit of s?
1
Let h be 3*1/((-4)/(-12)). Suppose 3*c - h - 93 = 0. What is the tens digit of c?
3
Let m(i) = -i**3 + 5*i**2 + i - 2. Let j be m(5). Suppose 2*c = -3*n + 39, j*n + 0*n = 3. What is the tens digit of c?
1
Suppose 776 = 4*p + 4*v, 5*p - 590 = -3*v + 378. What is the units digit of p?
3
Let q(c) = 2*c**2 + 24*c - 17. What is the units digit of q(-19)?
9
Suppose -2*w + 460 = 4*v + 2*w, 12 = -4*w. What is the units digit of v?
8
Suppose 2*o - o = 41. What is the units digit of o?
1
Let f be (-16)/(-1) + (-1 - 0). Suppose -28 = 4*p - 4*w - 0*w, -5*p = 5*w + 5. Let o = f + p. What is the units digit of o?
1
Suppose l = v - 2*l, 0 = 2*v - 4*l - 2. Let w = -1 + 4. Suppose -k - w*o + 4 = 0, 3*k - 12 = -v*o + 6. What is the units digit of k?
7
Suppose -2*y =